= 86*u - 50*u + 121*u + 184*u - 12. What is the tens digit of t(1)?
2
Suppose 29*a - 752304 = -13*a. What is the tens digit of a?
1
Suppose -6*l - 396 = 180. Let h be 7 - (-1)/(-2)*l/(-16). Suppose h*t - 5*c - 72 = 0, c + 24 = 2*t - 6. What is the units digit of t?
3
Suppose -59*a + 80274 = -45*a - 51536. What is the tens digit of a?
1
Let j(m) = m**3 + 101*m**2 + 344*m + 43. What is the ten thousands digit of j(-96)?
1
Suppose 119*m + 5763 = 121*m - 6693. What is the tens digit of m?
2
Let b be 2*(1 + -1 + -34)/(-2). Suppose -b*x + 25 = -29*x. Suppose 0*l - x*l = -285. What is the tens digit of l?
5
Let t(h) = 2*h**2 - 2*h - 1. Let d(g) = -3*g**2 - 40*g - 217. Let c(o) = d(o) + 2*t(o). What is the hundreds digit of c(59)?
6
Suppose n = -2*n - 6. Suppose -3*f + 8 = -2*c, -5*c - 7*f - 20 = -2*f. What is the tens digit of c + (3 - (n + -51))?
5
Suppose 5*y + 3*i = 27205, -y - 3*i = 826 - 6267. What is the hundreds digit of y?
4
Let j = -9 - -27. Let a be (0/j)/(2*1). Suppose 0 = y - a*c - 4*c - 52, c = -2*y + 95. What is the tens digit of y?
4
Let o = -7 + 14. Suppose o*t = t + 1662. What is the hundreds digit of t?
2
Let u(q) = q**2 - 26. Let b(t) = -t**2 + 7*t + 23. Let z(n) = -n**2 + 7*n + 24. Let j(o) = -5*b(o) + 4*z(o). Let w be j(10). What is the units digit of u(w)?
5
Suppose 37*x + 84036 = 1132067 + 57714. What is the ten thousands digit of x?
2
Suppose 3*c + 5*v = 27, 0 = -2*c + 6*v - 4*v + 2. Suppose 0 = 2*q + 4*m + 344, -q + 0*m - 190 = -c*m. Let i = -84 - q. What is the tens digit of i?
9
Let h = 34924 - 11609. What is the units digit of h?
5
Suppose 5*w + 40 - 42 = -3*l, 4*l = -5*w - 4. What is the units digit of (-1778)/l + (3/(-9) - -1)?
7
Suppose -p - 1 = -n, 4*n = -4*p + 37 - 1. Suppose -2*q + 114 + 754 = -p*f, -f + 425 = q. What is the units digit of q?
8
Let b(a) = 264*a**2 - 23*a + 128. What is the ten thousands digit of b(7)?
1
Let h = 146 + -258. Let o = h + 191. What is the tens digit of o?
7
Suppose -3*g = -y + 12, -5*y = -5*g + 2 - 72. Let r = 152 - 24. Suppose y*d - r = 11*d. What is the units digit of d?
2
Let i(c) be the first derivative of 353*c**3/3 - c**2/2 - c + 29. What is the hundreds digit of i(1)?
3
Let o = 25786 - 17952. What is the units digit of o?
4
Let i(h) = 10*h + 163 - 163 + 4*h**2. Let v be i(7). Suppose -a + 63 = 4*q - 3*q, -3*a - v = -4*q. What is the tens digit of q?
6
Let w(m) = 575*m**2 + 225*m + 2125. What is the hundreds digit of w(-10)?
3
Suppose 92 = -d - 5*g, -2*d + g = -g + 232. Let x(r) = -2*r**3 - 12*r**2 + r - 4. Let i be x(-5). Let k = i - d. What is the tens digit of k?
5
Let r = 34596 - 18269. What is the thousands digit of r?
6
Let o(r) = 8*r - 9. Let g = 77 + -63. Suppose g*b = 4*b + 80. What is the units digit of o(b)?
5
Suppose -f = -404 - 1189. Suppose -4*n - 1284 = 5*o - 9*o, -n = 5*o - f. What is the tens digit of o?
1
Let t = -75 - -80. Suppose 534 = 3*x + 2*f, 0*f - 4*f + 888 = t*x. Suppose -x = -40*o + 39*o. What is the tens digit of o?
8
Let t(s) = -49*s + 46. Let y be t(1). What is the units digit of (y/(4 - 3))/(3/(-1698))?
8
Suppose 70 = -3*r - 41. Let w = -35 - r. What is the tens digit of 41*w*(0 + 1)?
8
Suppose -315 - 6821 = -8*a. Suppose -5*u + 162 = 2*h - a, 2*u + 518 = h. What is the hundreds digit of h?
5
Let a = 31 + -21. Let b be a + -2*(1 - -1). Let q = b + 53. What is the units digit of q?
9
Suppose 0 = -3*d + 15929 - 5858. Suppose -d = -11*i + 2*i. Suppose 2*w - i - 179 = -4*c, 0 = 5*w + c - 1335. What is the tens digit of w?
6
Suppose 3*i - 2192881 = -163*i - 39861. What is the thousands digit of i?
2
Let u(w) be the third derivative of -w**5/8 + 7*w**4/12 + 25*w**3/6 - 24*w**2. Let g(h) be the first derivative of u(h). What is the hundreds digit of g(-7)?
1
Let g = -8862 - -15059. What is the hundreds digit of g?
1
Let x(c) = -c**2 + 58*c + 6567. What is the thousands digit of x(0)?
6
Suppose -83656 + 23494 = -37*y. What is the units digit of y?
6
Let k(c) be the first derivative of -69*c**4/4 - c**2/2 + 30. What is the units digit of k(-1)?
0
Let k(r) be the second derivative of -3*r**5/10 + 5*r**4/12 + r**3/3 - 4*r**2 - 62*r. What is the hundreds digit of k(-3)?
1
Suppose -2*l = -10*l + 408. Let c = l + -51. Suppose c = 3*b - b - 136. What is the tens digit of b?
6
Let b = -36 - -41. Let h be 0*(20/(-12))/b. What is the units digit of (-65)/20*(-16 + h)?
2
What is the ten thousands digit of 19771 + -2 + 59 + -72?
1
What is the tens digit of -1 - (-183956)/23 - (-400)/(-4600)?
9
Suppose 13*c - 8762 - 23647 = 0. What is the tens digit of c?
9
Suppose 2*o + 9464 = 16*o. Suppose -17*b + 19*b + 2*h = o, b = -4*h + 338. What is the hundreds digit of b?
3
Suppose 5*r - 111 = -y, -r = -y + 68 + 25. Suppose 16 = 8*a + y. What is the tens digit of (-15)/a*120/4?
4
Suppose 150 = 4*z - 2*z. Let x = z + -277. Let s = 375 + x. What is the units digit of s?
3
Let m = -308 + 311. What is the units digit of m?
3
Let l(o) = -9*o**3 + 7*o**2 + 59*o + 80. Let i(m) = -5*m**3 + 4*m**2 + 30*m + 41. Let c(s) = -11*i(s) + 6*l(s). What is the tens digit of c(9)?
1
Suppose b + 2*b - 12 = 0. Suppose -38*g = -29*g. Suppose -5*z = -5*w - g*z + 245, b*w - 5*z = 196. What is the units digit of w?
9
Let b = -83 + 86. Suppose 5*p - 2738 = -3*o, -14*p + 15*p = -b*o + 2746. What is the units digit of o?
6
Suppose -5*y + 9 = -t + 39, 4*t + y = 204. What is the tens digit of (-16)/(-10) - (-20)/t - -183?
8
Suppose -250 = 3*j - 268. What is the tens digit of 4 - (-417 + j/(-3))?
2
Suppose -790 = -3*v + 2*v. Let q = 1165 - v. Suppose -2*h = 3*h - q. What is the tens digit of h?
7
Suppose 5*z - 300 = 5*q, -q + z - 5*z = 55. Suppose -5*i - 109 = -6*i + 5*m, m = -i + 85. Let y = i + q. What is the tens digit of y?
3
Let f(l) = 30*l + 60. Let u be f(-2). Suppose u = -g - v + 1142, -39*g + 38*g - 3*v = -1144. What is the units digit of g?
1
Let z(n) = n**3 - 4*n**2 + 10*n - 6. Let s be z(4). Suppose 20547 = s*v - 33241. What is the thousands digit of v?
1
Let v(z) be the first derivative of -373*z**4 + 3*z**2/2 + z + 36. What is the hundreds digit of v(-1)?
4
Let z = 76 - 72. Let b be ((-24)/(-18))/(z/138*1). Let a = b + -25. What is the tens digit of a?
2
Let d(j) = j**2 - 4*j. Let a(n) = n**2 + 8*n - 1. Let y(s) = 2*s**2 + 15*s - 2. Let x(c) = -7*a(c) + 4*y(c). Let v be x(-3). What is the tens digit of d(v)?
3
Let z be (-12)/2 - (-2 - 25). Suppose z*n - 10664 = 1516. What is the units digit of n?
0
Let p = -57099 + 94663. What is the thousands digit of p?
7
Let n(f) = 2*f + 255. Let p be n(-25). What is the tens digit of ((-82)/p)/((-2)/100)?
2
Suppose -59 = 11*s - 224. Suppose 18*w - 903 = s*w. What is the tens digit of w?
0
Suppose -342*a - 434 = -6048965 - 81819. What is the units digit of a?
5
Suppose 38*d - 35338 = 19610. What is the hundreds digit of d?
4
Suppose -43*u + 57887 = 3*c - 47*u, c - 19264 = -5*u. What is the units digit of c?
9
Let a(y) be the first derivative of -y**3/3 - 12*y**2 + 26*y + 75. What is the units digit of a(-21)?
9
Suppose 12*t = 8*t - 3*g + 134828, 0 = -3*t - 5*g + 101132. What is the tens digit of t?
0
Suppose 3*i + 4*k - 87392 = 0, 2*k - 16545 = 4*i - 133119. What is the ten thousands digit of i?
2
Let r(c) = 1220*c**2 + 108*c + 108. What is the hundreds digit of r(-1)?
2
Let a(m) = 5*m - 89. Let j be a(25). Suppose 38*u - 622 = j*u. What is the units digit of u?
1
Suppose 28*c + 589254 - 2698662 = -56*c. What is the tens digit of c?
1
Let c be 0/71 - 15*-1. Suppose c = 5*v, -3*m - v + 6719 = 2390. What is the hundreds digit of m?
4
Let n = -1292 - -2275. Suppose -2*z - 3*z - n = -4*j, -5*j = -2*z - 1233. What is the hundreds digit of j?
2
Let k(u) = -u**2 + 25*u + 142. Let s(y) = 6*y + 35. Let l be (14/21)/((-112)/(-54) - 2). Let v(t) = l*s(t) - 2*k(t). What is the hundreds digit of v(8)?
1
Let h(s) = -2457*s - 15531. What is the units digit of h(-22)?
3
Suppose -7*d + 2*p - 164 = -3*d, -36 = d + 2*p. Suppose -3*c = -q + 202, -6 = 5*q + 4. Let g = d - c. What is the tens digit of g?
2
Let o(g) = -g + 14. Let k be o(8). Suppose h + 5*r = 43, -4*h = -r - 250 - k. Let x = 100 - h. What is the units digit of x?
7
Suppose -10 = -3*k + k. Suppose -4*o + 511 = 3*j, 10*o = k*o - 3*j + 635. Suppose 3*c = -2*p + o + 18, p + 3*c = 71. What is the tens digit of p?
7
L